What is the units digit of v?
8
Let i be 0*(-3)/6*-1. Suppose -4*s + 2*p + 54 = 0, 4*s - p - 55 = -i*p. What is the tens digit of s?
1
What is the units digit of -1*(-4821)/21 - (-6)/14?
0
Let u(n) = -n - 3. Let i be u(-6). Suppose 4*p + 24 = 4*a, -3*a + 0*a + 13 = 2*p. Suppose q - a = -i. What is the units digit of q?
2
Let z(q) = 2*q**3 - 18*q**2 + 3*q - 12. What is the units digit of z(9)?
5
Let j = 222 - -29. What is the tens digit of j?
5
Let d(m) = m**2 - 4*m - 7. Let h be d(6). Suppose -4*c = -2*s + h - 3, 0 = s - 3. What is the units digit of c?
1
Let q = 74 + -30. What is the tens digit of q?
4
Let m = 149 + -17. What is the tens digit of m?
3
Suppose 4*f = 2*f. Suppose 4*v - 5*x - 22 = f, -5*v + 2*x + 20 + 16 = 0. What is the units digit of v?
8
Let r be (2/(-3))/((-1)/(-81)). What is the units digit of 4 + -1 - r/2?
0
Let z(h) = h + 1. Let j = 0 + -1. Let a be z(j). Let i = 6 - a. What is the units digit of i?
6
Let n = -31 - -56. What is the units digit of n?
5
Suppose n + 3*n - 288 = 0. What is the tens digit of n?
7
Let b = 5 + 30. Suppose 0 = 3*g + 2*g - b. What is the units digit of g?
7
Suppose 0 = -2*l - 3*l + 10. Suppose w + l*w = 0. Suppose w - 27 = -3*s. What is the units digit of s?
9
Suppose 3*p - i - 339 = 0, -3*p - 3*i + i = -339. What is the hundreds digit of p?
1
Let n = -67 + 129. What is the tens digit of n?
6
Let k = -6 - -6. Suppose 0*f + 4*f - 65 = -3*a, -2*f + 3*a + 19 = k. What is the tens digit of f?
1
Suppose -4*l + 0*l = -184. What is the tens digit of l?
4
Let y = 25 - 23. Suppose -y*m + 28 = 5*h - 267, m = 5*h - 310. What is the tens digit of h?
6
Let y(v) = 2*v + 12. Let g be y(-8). Suppose 0 = o - 5*o + 20. Let k = o + g. What is the units digit of k?
1
Suppose 0 = n + 32 + 14. Let g = 65 + n. Suppose 0 = 4*s - 25 - g. What is the tens digit of s?
1
Suppose -m - 89 = -2*m. What is the tens digit of m?
8
Suppose -12*j = -13*j + 22. What is the tens digit of j?
2
Suppose -12*i + 14*i - 194 = 0. What is the units digit of i?
7
What is the tens digit of (-3)/((-9)/(-110))*(-324)/72?
6
Let u(f) = 110*f**2. Let o be u(1). Suppose y + 2*c - 34 = 0, o = 5*y - 3*c + c. What is the units digit of y?
4
Let p = -5 - -5. Suppose -5 = 5*j, -2*j - 59 = -3*q - p*j. Suppose d = -1, q = -0*n + 3*n + 5*d. What is the units digit of n?
8
Suppose -2*x + 220 = -2*r, 0*x - 5*r = -2*x + 229. What is the units digit of x?
7
Suppose -3*r = -6*r + 84. What is the tens digit of r?
2
Let b(w) = w**2 - w - 6. Let i be b(0). Let y be (-2)/(-6) + 116/i. Let u = -11 - y. What is the units digit of u?
8
Let q be (-201)/5 - (-1)/5. Let u be q/(-6) + (-2)/(-6). Let p(b) = b + 6. What is the units digit of p(u)?
3
Let r(s) = 5*s + 7. Let a be r(-5). Suppose p + 5*q = 55, 2*p = -5*q - 50 + 135. Let g = a + p. What is the tens digit of g?
1
Let n(b) = b**2 - b - 1. What is the tens digit of n(6)?
2
Let m(i) = 1 + 6*i - 2*i**2 - 2*i**2 - 2 - i**3 - 2. Let x be m(-5). What is the units digit of 2/x - 30/(-24)?
1
Suppose o + 4*b = -5, 3*b - 43 = 5*o + 5*b. What is the units digit of (-8)/6*o/2?
6
Suppose -4*q + 5*k = 2*k - 13, -3*k - 17 = -5*q. Suppose -q*h = -4*a + 76, 0 = -4*h + h - 12. What is the units digit of a?
5
Let d(s) = -s + 7. Let p be d(0). Let q = -5 + p. What is the units digit of q?
2
Let b = -8 + 13. Suppose b*i + 4*x = 73, 6*x = 4*i + 2*x - 44. What is the tens digit of i?
1
Suppose -4*c - 2 + 198 = 0. What is the tens digit of c?
4
Let u(s) = s + 1. Let w(c) = 6*c + 7. Let i(f) = 5*u(f) - w(f). Let b be i(-5). Suppose 2*j - 33 = -3*q, b*q + 5*j - 29 = 13. What is the units digit of q?
9
Suppose -10 = -5*w + 5. What is the units digit of w?
3
Suppose 4*j + 10 = -2. Let n be (-6)/j*(-3)/2. Let p = n + 8. What is the units digit of p?
5
Let w = 2 + -1. Suppose -w - 1 = l. What is the tens digit of l/((-147)/(-51) + -3)?
1
Suppose -27 = -2*l + 67. Suppose 2*o - 5*o + t + 21 = 0, 4*o - l = -5*t. What is the units digit of o?
8
Let h(v) = -v**3 + 14*v**2 + 5*v - 21. What is the tens digit of h(14)?
4
Let n(r) = -2*r**2 + 9*r - 9. Let q be n(7). Let k = q - -79. What is the units digit of k?
5
Let a = -1 + -2. Let w(x) = -x**3 - 3*x**2 - 2. Let p be w(a). What is the units digit of p/((-2*1)/4)?
4
Suppose 3*u + 168 - 58 = 4*i, -4*u + 70 = 3*i. Suppose -i - 25 = -3*k. What is the units digit of k?
7
What is the units digit of 7/((-14)/(-20))*1?
0
What is the tens digit of (-2)/((-68)/33 + 2)?
3
Suppose -246 = -2*h + 3*r, 0*h = 2*h - r - 238. What is the tens digit of h?
1
Suppose -42 + 12 = -2*r. Suppose 2 = -2*v - 4*x, -2*x - r + 2 = -3*v. What is the units digit of (-3)/(v/2) + 9?
7
Let z be 8/10 - 3/(-15). Let u = 3 - z. Suppose -2 = u*p - 4. What is the units digit of p?
1
Suppose 345 = 4*d - 3*f - 575, 0 = -3*d - 5*f + 719. What is the units digit of d?
3
Suppose -8*j = -4*j - 44. Let a(u) = u**2 - 12*u + 15. What is the units digit of a(j)?
4
Let v(t) be the third derivative of t**5/60 + t**4/24 + t**3/6 + 2*t**2. What is the units digit of v(0)?
1
Suppose 4*c + 2*j - 196 = 0, -c - j + 36 = -14. What is the tens digit of c?
4
Let s be (-210)/(-18) + (-4)/6. Let u = s - -3. What is the units digit of u?
4
Let m(b) be the first derivative of -b**4/4 - b**3 + b**2 - 4*b + 4. Let t be m(-4). Suppose -t*g + 20 = -3*g. What is the units digit of g?
0
Let x(y) = -y**2 - 21*y - 22. What is the units digit of x(-13)?
2
Suppose 0*u = u. Let x(i) = -i**2 + 4*i + 10. Let g be x(5). Suppose -2*m = -g*h + 42, u*m = -2*h - 5*m + 40. What is the units digit of h?
0
Suppose -11 = 5*u - 2*g, -2 = 3*g - 2*g. Let p(k) = k**2 - 2*k + 1. What is the tens digit of p(u)?
1
What is the units digit of (-4)/22 - 5860/(-44)?
3
Let u be 7 - (0 - 2 - -4). Suppose 4*m = 2 - 18. Let x = m + u. What is the units digit of x?
1
Let a(m) = -m**3 + 17*m**2 - 8*m - 13. What is the tens digit of a(16)?
1
What is the units digit of (53 - 1)*(-12)/(-16)?
9
Suppose -2*o - 10 - 6 = 0. Let i(g) = -2*g**2 - 9*g - 12. Let u be i(o). What is the tens digit of u/(-5) - (-12)/30?
1
Suppose s = -1 + 3. Let u = s - -1. Suppose 0*j = -n + 3*j + 12, u*n = j + 20. What is the units digit of n?
6
Let z = -452 - -678. What is the units digit of z?
6
Suppose -262 = -6*v + 32. What is the units digit of v?
9
Let d(p) = -4 - 10*p - 7*p**2 - p**3 - 2 + 0*p - 2*p**2. What is the units digit of d(-8)?
0
What is the units digit of 277 + ((-12)/6 - 2)?
3
Let x(j) = -56*j**3 + j**2. What is the units digit of x(-1)?
7
Let l(h) = h**3 - 4*h**2 - 10*h + 4. Let p be l(6). What is the units digit of 28/p*(3 - -1)?
7
Suppose 15 = 6*r - r. Suppose b = r*b - 38. What is the tens digit of b?
1
Let t = -141 + 153. What is the tens digit of t?
1
Let r(l) = -l**2 - 5*l + 9. Let z be r(-6). Suppose -z*q + 95 = -13. What is the units digit of q?
6
Let r(d) = -d**3 + 8*d**2 + 4. Let q be r(8). Suppose 3*v + q*w + w - 34 = 0, -2*v - 4*w + 24 = 0. What is the units digit of v?
8
What is the hundreds digit of -2138*(-2)/24 - 3/18?
1
Suppose -5*n + 7 + 31 = -o, -2*n - 5*o = -26. Suppose -n*b = -4*b - 28. What is the units digit of b?
7
Let v = -43 - -49. What is the units digit of v?
6
Let c(s) = 1. Let o(b) = -2*b - 18. Let v(k) = 12*c(k) + o(k). What is the units digit of v(-5)?
4
Suppose 3 = 2*n - 1. Let u be 2/n - 4/(-2). Suppose -u*r + 1 = o, -o = -2*r - r + 11. What is the units digit of r?
2
Let f(z) be the third derivative of z**4/6 - 11*z**3/6 - 8*z**2. What is the tens digit of f(7)?
1
Let f(w) = -w**2 - 4*w. Let y be f(-7). Let r be 4/14 - 351/y. Suppose 5*p + 5*s - 33 = s, -3*p = s - r. What is the units digit of p?
5
Suppose 5*m = l - 40, 5*m = 4*l - 0*m - 115. What is the tens digit of l?
2
Let t be 6/(3 + (-12)/8). Let r be 4/(-2)*-1*4. Let d = r - t. What is the units digit of d?
4
Suppose 2*b - 9 = 11. What is the units digit of b?
0
What is the tens digit of 8 + (-3 + 2 - -4)?
1
Let g(p) = 7*p**2 - 4*p + 4. What is the units digit of g(-6)?
0
Let u(s) be the first derivative of s**2/2 - 8*s + 1. Let w be u(7). What is the units digit of (0 - w) + (-1)/(-1)?
2
Suppose 1 = 2*z - 1. Let f be (-24)/(-8)*(z + 0). Suppose -3*x + f = -3. What is the units digit of x?
2
Suppose 0 = -j + 20 + 46. What is the units digit of j?
6
What is the tens digit of ((-21)/(-6))/((-8)/(-112))?
4
Suppose -5*n